. Give h(73).
-2
Let a(p) = 3*p**2 - 31*p + 246. What is a(10)?
236
Let l(u) = -7*u - 349. Determine l(-42).
-55
Let a(x) = 199*x**3 - 6*x**2 - 2*x + 1. What is a(-1)?
-202
Let x(m) = m**3 - 34*m**2 - 105*m + 1176. What is x(36)?
-12
Let z(q) = -q**2 + 76*q - 702. Calculate z(65).
13
Let k(y) = -y**3 + 9*y**2 - y + 109. What is k(10)?
-1
Let q(h) = -3*h**3 - 14*h**2 + 32*h + 11. Determine q(-8).
395
Let q(i) = 24*i**3 + 6*i**2 + 7*i + 1. Calculate q(-2).
-181
Let y(w) = 47*w - 241. Calculate y(6).
41
Let f(a) = -4*a**3 + 157*a**2 + 94*a + 1034. Give f(40).
-6
Let p(t) = t**2 + 509*t + 5481. Determine p(-11).
3
Let b(l) = 95*l - 39. Determine b(2).
151
Let k(w) = 130*w + 1950. Determine k(-15).
0
Let h(i) = 2*i**2 - 2*i - 23. What is h(4)?
1
Let x(k) = 16*k + 215. Determine x(-15).
-25
Let d(q) = -q**3 + 23*q**2 - 49*q + 1758. Give d(24).
6
Let c(g) = 4*g**2 - 192*g + 1391. Give c(39).
-13
Let w(g) = g**2 + 125*g - 39158. Give w(145).
-8
Let s(k) = -k**2 + 135*k - 519. Calculate s(131).
5
Let u(t) = t**3 + 11*t**2 + 34*t + 200. Determine u(-10).
-40
Let d(p) = -27*p**3 + 3*p**2 + 6*p + 1. Calculate d(-3).
739
Let t(s) = -114*s - 1350. Determine t(-12).
18
Let m(s) = -168*s - 2354. What is m(-14)?
-2
Let j(f) = -5*f**2 + 106*f - 277. Give j(3).
-4
Let i(j) = -8*j**3 - 80*j**2 - 9. What is i(-10)?
-9
Let l(g) = -4*g**2 - 32*g + 9. Give l(-8).
9
Let q(g) = 6*g - 532. Determine q(35).
-322
Let w(f) = -10*f**2 - 28*f - 8. Give w(-3).
-14
Let k(t) = 18*t + 728. Give k(5).
818
Let d(y) = 5733*y + 85998. Determine d(-15).
3
Let v(y) = y**3 - 2*y**2 - 256*y + 30. Give v(17).
13
Let l(a) = -2*a**2 + 50*a + 702. Calculate l(-10).
2
Let h(i) = -9*i - 49. Give h(4).
-85
Let m(d) = d**2 + 55*d + 312. What is m(-49)?
18
Let c(h) = -11*h + 839. Determine c(36).
443
Let f(b) = b**3 - 55*b**2 - 6*b + 322. Determine f(55).
-8
Let y(d) = 2*d**3 - 9*d**2 - 5*d - 111. Give y(6).
-33
Let o(i) = -2*i**2 + 74*i - 68. Give o(14).
576
Let g(q) = -24*q**2 + 2849*q + 826. Determine g(119).
-7
Let o(w) = w**2 + 33*w - 3034. Determine o(41).
0
Let p(f) = -54*f + 5881. What is p(109)?
-5
Let x(y) = -16*y**2 - 49*y - 107. What is x(-2)?
-73
Let o(s) = 14*s**2 - 14*s - 14. Give o(6).
406
Let u(z) = 940*z + 105279. Give u(-112).
-1
Let q(p) = -227*p - 3626. Give q(-16).
6
Let d(i) = -29*i**2 - 238*i - 9. Calculate d(-7).
236
Let s(d) = 5*d**2 - 143*d - 915. What is s(34)?
3
Let a(g) = 88*g**3 + 703*g**2 - 9*g + 5. What is a(-8)?
13
Let t(m) = -2*m**3 + 13*m**2 - 4*m + 64. Determine t(7).
-13
Let d(o) = -o**2 + 49*o + 324. Calculate d(52).
168
Let z(m) = -45*m + 50. Determine z(3).
-85
Let y(u) = -28*u - 314. Determine y(-12).
22
Let a(r) = 129*r + 1821. What is a(-14)?
15
Let c(g) = g**3 + 11*g**2 + 28*g + 41. Calculate c(-9).
-49
Let p(l) = -l**3 + 24*l**2 - 6*l + 162. Determine p(24).
18
Let s(v) = -5*v**2 - 19*v - 30. Determine s(-2).
-12
Let g(v) = 2969*v - 160320. Give g(54).
6
Let u(s) = -s**2 + 40*s + 7. What is u(31)?
286
Let n(x) = -x**3 + 8*x**2 - 12*x - 1. Calculate n(6).
-1
Let s(l) = -3*l**2 + 457*l - 2768. Give s(146).
6
Let k(a) = -14*a - 573. Calculate k(-43).
29
Let n(v) = 8*v + 34. Give n(-4).
2
Let v(p) = -102*p - 5917. What is v(-59)?
101
Let f(q) = -109*q - 263. What is f(-2)?
-45
Let z(g) = -2*g + 1. What is z(1)?
-1
Let c(l) = 145*l - 7545. Determine c(52).
-5
Let u(m) = 6*m - 137. Calculate u(-40).
-377
Let f(n) = -8*n - 172. Determine f(-19).
-20
Let h(o) = -o**3 + 62*o**2 - 3*o + 158. Give h(62).
-28
Let v(s) = 26*s - 141. Give v(11).
145
Let k(f) = -218*f + 534. Determine k(3).
-120
Let u(w) = -w**2 - 38*w - 54. Determine u(-35).
51
Let f(q) = q**3 + 18*q**2 + 22*q + 89. Determine f(-17).
4
Let j(p) = 2*p**3 - 16*p**2 - 10*p + 4. What is j(7)?
-164
Let l(m) = m**3 - 81*m**2 + 385*m - 321. Give l(76).
59
Let n(v) = -v**2 - 180*v + 530. Determine n(3).
-19
Let z(y) = -30*y**2 - 335*y - 10. Determine z(-11).
45
Let h(z) = -34*z**2 + 103*z - 12. What is h(2)?
58
Let p(o) = -o**3 + 185*o**2 + 568*o - 728. Give p(188).
24
Let f(r) = -r**3 + 36*r**2 - 39*r - 32. Calculate f(35).
-172
Let p(j) = j**3 - 32*j**2 + 110*j + 55. Calculate p(28).
-1
Let u(p) = p**3 + 4*p**2 + 3*p - 12. Give u(0).
-12
Let b(g) = -g**2 - 259*g + 3223. Calculate b(12).
-29
Let y(i) = 323*i - 3558. Determine y(11).
-5
Let p(w) = -65*w + 3636. What is p(56)?
-4
Let o(i) = 3*i**2 - 206*i - 1615. Calculate o(-7).
-26
Let i(f) = 608*f + 3056. What is i(-5)?
16
Let z(d) = -7*d**2 + 27*d - 130. Give z(7).
-284
Let l(i) = -63*i - 934. Give l(-20).
326
Let u(q) = q**3 - 2*q**2 - 40*q + 128. Calculate u(5).
3
Let c(r) = 2*r**2 + 9. Give c(-5).
59
Let j(p) = -3*p - 115. Give j(10).
-145
Let b(n) = 430*n - 35684. What is b(83)?
6
Let q(k) = -2*k**2 + 82*k - 101. Calculate q(41).
-101
Let g(u) = 29*u + 954. Calculate g(-38).
-148
Let u(n) = -3*n**3 + 38*n**2 + 16*n - 36. Give u(13).
3
Let j(d) = -d**2 - d + 195. Calculate j(11).
63
Let j(w) = 19*w + 1439. What is j(-76)?
-5
Let k(y) = -y**3 - 105*y**2 + 99*y - 745. Give k(-106).
-3
Let p(t) = 202*t + 804. Give p(-4).
-4
Let f(z) = 703*z - 11266. What is f(16)?
-18
Let r(f) = -12*f + 184. Calculate r(15).
4
Let l(c) = -2*c**3 + 50*c**2 - 86*c + 2173. Calculate l(25).
23
Let r(b) = 16*b**2 + 48*b - 20. Determine r(-4).
44
Let m(q) = 30*q**2 - 175*q + 349. Determine m(2).
119
Let n(g) = 58*g**2 + 1105*g - 1. Determine n(-19).
-58
Let b(v) = -121*v - 9694. Determine b(-80).
-14
Let w(t) = -2*t**3 + t**2 - 9*t - 1. Give w(3).
-73
Let t(o) = -268*o - 15751. Calculate t(-59).
61
Let i(q) = -2*q**3 - 26*q**2 - 92*q - 1222. Determine i(-13).
-26
Let b(f) = -39*f**2 - 45*f. Give b(-1).
6
Let z(q) = 3*q**2 + 46*q - 134. Calculate z(-22).
306
Let a(d) = d**3 + 10*d**2 + 3*d - 25. What is a(-9)?
29
Let f(p) = 5*p**3 - 39*p**2 + 4*p + 15. Determine f(7).
-153
Let x(l) = -2*l**3 - 51*l**2 + 65*l - 484. Give x(-27).
-52
Let u(w) = -6*w**2 - 11*w + 127. What is u(-6)?
-23
Let n(g) = 76*g + 7759. Give n(-102).
7
Let i(n) = -n**3 + 5*n**2 + 33*n + 4. Give i(10).
-166
Let l(c) = c**2 + 26*c - 148. Determine l(-25).
-173
Let c(r) = -51*r - 661. Give c(-7).
-304
Let f(s) = 6*s**3 + 50*s**2 - 13*s - 246. Determine f(-8).
-14
Let x(y) = -y**3 - y**2 + 121*y + 91. Calculate x(-11).
-30
Let z(m) = -241*m - 734. What is z(-3)?
-11
Let a(s) = 109*s + 663. Calculate a(-11).
-536
Let m(p) = -2*p**3 - 53*p**2 + 55*p + 91. Calculate m(-27).
-665
Let f(d) = -d**2 + 52*d - 497. Calculate f(15).
58
Let b(p) = -8*p**2 + 19*p + 120. Calculate b(-6).
-282
Let s(r) = -5*r**2 + 59*r - 156. Give s(6).
18
Let t(w) = 8*w**2 - 82*w - 118. Determine t(12).
50
Let k(r) = -702*r**2 - 12634*r + 22. Determine k(-18).
-14
Let w(x) = 2*x**2 - x - 4. Give w(-5).
51
Let c(i) = -321*i - 3863. Determine c(-12).
-11
Let r(d) = -44*d - 235. Calculate r(-5).
-15
Let i(w) = 2*w**3 - 110*w**2 + 746*w + 41. Calculate i(8).
-7
Let m(u) = -14*u - 100. Give m(-6).
-16
Let h(x) = 3*x - 19. What is h(10)?
11
Let z(f) = f**3 + 71*f**2 - 129*f - 4033. Determine z(-72).
71
Let d(g) = g**2 + 24*g + 68. Calculate d(-18).
-40
Let w(l) = -30*l - 2873. What is w(-96)?
7
Let t(w) = -72*w**2 - 1128*w + 379. Determine t(-16).
-5
Let r(f) = f**3 - 75*f**2 - 37*f + 2914. Give r(75).
139
Let m(s) = -13*s**3 + 3*s**2 - 3*s + 2. Give m(1).
-11
Let c(r) = -r**3 + 236*r**2 - 471*r + 717. What is c(234)?
15
Let g(f) = -f**2 + 89*f + 3424. What is g(118)?
2
Let a(o) = o**3 + 6*o**2 + 62*o + 322. Give a(-5).
37
Let i(o) = 2*o**3 - 9*o**2 - 17*o + 4. Calculate i(9).
580
Let a(t) = 22*t - 44. Give a(-6).
-176
Let z(o) = o**2 + 13*o - 223. Determine z(-23).
7
Let q(f) = -30*f**2 - 10*f - 12. Give q(-1).
-32
Let l(b) = -45*b + 55. Determine l(1).
10
Let l(h) = 1026*h + 92334. Calculate l(-90).
-6
Let u(g) = 2*g**3 + 6*g**2 + 231*g + 946. What is u(-4)?
-10
Let u(o) = -742*o - 5941. What is u(-8)?
-5
Let y(s) = 6*s**2 + 128*s - 5230. Calculate y(-42).
-22
Let x(n) = 1054*n + 21. Determine x(0).
21
Let g(j) = 822*j + 5753. Determine g(-7).
-1
Let c(f) = -84*f**2 + 14*f + 7. Determine c(-1).
-91
Let t(n) = -n**3 + 11*n**2 - 16*n + 2028. Give t(17).
22
Let c(w) = -8257*w + 57801. Calculate c(7).
2
Let t(n) = 22*n**3 - 883*n**2 + 121*n - 41. Give t(40).
-1
Let a(b) = -2*b**3 + 38*b**2 - 200*b + 1204. What is a(15)?
4
Let b(a) = -a**3 - 4